e -59 - (0 + 2 + 0). Let n = -36 - b. What are the prime factors of n?
5
List the prime factors of (2 + -3)*(-1 + -21).
2, 11
Suppose -5 = -7*t + 2*t. Suppose 16 - t = 5*o. What are the prime factors of o?
3
Suppose -o - 51 = 2*o. Let i = -51 - -84. Let n = i + o. List the prime factors of n.
2
Let a(t) be the first derivative of -t**4/4 - 2*t**3 - 5*t**2/2 + 2*t - 3. Let v be a(-5). Suppose 0*c + v*c = 6. What are the prime factors of c?
3
Let r = 14 - 8. List the prime factors of r.
2, 3
Suppose 0 = -2*x + 3 + 3, a - 5*x = -6. What are the prime factors of (52/6)/(6/a)?
13
Suppose k - 3*k = 16. Let c = 5 - 4. What are the prime factors of 1 - (c/1 + k)?
2
Suppose 3*y + 2*w = 75, -4*w = y - 9*w - 42. Suppose t + 1 - y = 0. List the prime factors of t.
2, 13
What are the prime factors of 18*2*(-2)/(-6)?
2, 3
Suppose -4*o + 3*h = -93, -5*h = -6 + 1. List the prime factors of o.
2, 3
Let k(r) be the third derivative of -r**5/60 - 3*r**4/8 + r**3/6 + 4*r**2. What are the prime factors of k(-8)?
3
Suppose -5*m - l + 3 = 0, 5*m = 3*m + 4*l - 12. Suppose m = q + 4*q. Let y = q - -3. List the prime factors of y.
3
Suppose -2*d + 20 = x, -2*x + d + 0*d + 15 = 0. Let r = -6 + x. What are the prime factors of r?
2
Let q(i) = i - 3. Let u be q(8). Suppose 0 = 5*m - h - 0*h - 223, -u*h - 147 = -3*m. What are the prime factors of m?
2, 11
List the prime factors of (-1324)/(-30) - (-8)/(-60).
2, 11
Suppose 0 = 2*w - 24 - 58. Suppose 4*f - 157 = 5*t, -2*f - t - 4*t = -w. List the prime factors of f.
3, 11
Suppose -5 - 1 = -3*z. Suppose -z*r + 6*r = -8. What are the prime factors of (0 - r)*18/4?
3
Let p be 6/(-15) - (-2)/5. Suppose -2*k - 40 = -5*u, -u + 2*u - 5*k + 15 = p. What are the prime factors of u?
2, 5
Suppose -12*z + 13*z = 11. What are the prime factors of z?
11
What are the prime factors of (1 + -12)*(-9 - -8)?
11
Let m be 8/2*(6 - 4). Suppose 0 + m = 4*h + s, -h - s + 2 = 0. Suppose 0 = -h*p + 5*p - 39. What are the prime factors of p?
13
Suppose -2*c = 3*x - 20, -c + 4*x + 32 = -0. List the prime factors of c.
2
Let m be 4/10 + 206/10. Let k = m + -13. List the prime factors of k.
2
Let q(i) = -2*i**3 + i**2 - 3*i. List the prime factors of q(-4).
2, 3, 13
Suppose -4*u - u = -40. Let p be (-4)/16 - (-74)/u. List the prime factors of 3*((-3)/p + 1).
2
Suppose 0*c + c - 25 = 0. What are the prime factors of c?
5
Let f = -6 - -11. Suppose -5*g = -3*u + 36, -f*g + 0*g = 2*u + 1. What are the prime factors of u?
7
Suppose 0 = 3*n - 105 + 15. List the prime factors of n.
2, 3, 5
Let b = -164 - -285. List the prime factors of b.
11
Let j = -11 - -36. What are the prime factors of j?
5
Let x(r) be the third derivative of -r**4/12 + 3*r**2. Let b be (-1 + 0)/(-1)*-4. What are the prime factors of x(b)?
2
Suppose 30 = -4*y - 2*a, -7 = -y - 5*a - 28. Let f be (24/18)/((-4)/y). Suppose 4*m = 14 - f. List the prime factors of m.
3
List the prime factors of -3 + 3 + 1 + 9.
2, 5
Let i(g) = -g**2 - 1. Let d(l) = -l**2 - l + 2. Let p(x) = d(x) - 2*i(x). List the prime factors of p(3).
2, 5
Suppose o = 5*o. Let i = o + 4. Suppose v - 87 = -5*p, -i*p - 5*v + 30 + 48 = 0. What are the prime factors of p?
17
Let b(s) = 112*s**2 - 6*s - 5. List the prime factors of b(-1).
113
Let n(c) = c**2 + 6*c - 1. Let r(u) = -u + 1. Let w be r(0). Suppose 2*y - 3 = 3*j - 2*j, -j + w = -4*y. What are the prime factors of n(j)?
2, 3
Let h = -70 + 107. List the prime factors of h.
37
Let a = -185 + 321. What are the prime factors of a?
2, 17
Suppose 3 = -2*k + 9. Suppose k*j - 7 = 2. List the prime factors of j.
3
Suppose -x + 8 = 3*i, 4*x - 66 + 21 = i. List the prime factors of x.
11
Let j(i) = 3*i - 2. Let c be j(-2). Let w(u) = u**3 + 8*u**2 + 6. Let q be w(c). Let g(a) = -a**3 + 8*a**2 - 8*a - 6. List the prime factors of g(q).
2, 3
Suppose 5*y = 34 - 9. Suppose 8 = -4*a + y*a. What are the prime factors of a?
2
Let u(a) = 8*a - 11. List the prime factors of u(15).
109
Suppose 3*j = -12, 0*j = u + 4*j + 12. Let g = -2 + u. Suppose 0 = 2*p + 4*d, 5*p + g*d - 17 = 23. List the prime factors of p.
2, 5
Let x(r) = 6*r**2 - r + 2. Let v(b) = b**2 + 4*b - 3. Let j be v(-5). What are the prime factors of x(j)?
2, 3
Let s(h) = 13*h. Let x(i) = -i - 9. Let g be x(-8). Let d be s(g). Let c = 28 + d. List the prime factors of c.
3, 5
Suppose -3*r = -4*j + 44 + 102, -j + r + 36 = 0. List the prime factors of j.
2, 19
Suppose -2*m = -4*m + 56. What are the prime factors of 736/m + 2/(-7)?
2, 13
Suppose 0*t = -2*t + 42. What are the prime factors of t?
3, 7
Let i(g) = g**2 + g + 2. Let f be i(0). Let q be f/(-9) + (-415)/(-45). Let j = -5 + q. What are the prime factors of j?
2
Let z = 7 - 17. Let d = z - -5. List the prime factors of 1/d + 78/15.
5
Let t = 23 - 13. Suppose -5*g + 10 = 3*x - 4*g, 0 = -x - 3*g - t. What are the prime factors of x?
5
What are the prime factors of (-33156)/(-90) + 6/10?
3, 41
Suppose 40 = k - 1. List the prime factors of k.
41
Let o(v) = v**2 + 8*v - 8. Let g be o(-9). Let x = 21 - g. What are the prime factors of x?
2, 5
Let o(a) = -a**2 - 6*a - 6. Let q be o(-5). Let c = 0 - -15. What are the prime factors of q/(-5) + 132/c?
3
Suppose 4*p + 4 = 44. What are the prime factors of 62/p - 3/15?
2, 3
Suppose -5*s - 5*p + 165 = 0, 4*s - 152 = 3*p - 48. What are the prime factors of s?
29
Let r be (2 - -47) + -2 - -1. Suppose 2*g = -2*g + r. Let d = g + -8. What are the prime factors of d?
2
Let f(y) = 2*y**3 + 2*y**2 + 5*y + 3. List the prime factors of f(5).
2, 41
Let w = 2 + -3. Let b = w - -3. What are the prime factors of 45/6 - 1/b?
7
Let q be 1/2 - 20/(-8). Suppose -3*c + 229 = 5*x, -q*x + 6*c = c - 117. List the prime factors of x.
2, 11
Let i = 12 - 18. Let a be (-2 + 4)*i/(-4). Suppose 0*q + y + 39 = 4*q, a*q - 34 = -4*y. What are the prime factors of q?
2, 5
Suppose 2*m - 4*b = -62, b = m - 4*b + 31. Let r = 50 + m. Suppose -u + r = -3. List the prime factors of u.
2, 11
Let u(s) = 6 - s**3 - 2*s**2 - 1 - 4*s + 11*s. Let t be u(-4). List the prime factors of -3 + t/(-1 + 2).
2, 3
Let n = 15 - 0. List the prime factors of n.
3, 5
List the prime factors of -5*14/105 - 1558/(-6).
7, 37
Let o(g) = 26*g - 29. What are the prime factors of o(15)?
19
Let u(s) = -3*s**2 + 14*s - 1. Let x be u(6). List the prime factors of x/(-1) + 3 - -1.
29
List the prime factors of ((-492)/(-3))/((-6)/(-12)) + 1.
7, 47
Suppose 175 + 549 = 4*a. What are the prime factors of a?
181
Let l(q) = 26*q**2 + 4*q - 1. List the prime factors of l(-2).
5, 19
Let h(c) = c**2 + 2*c + 6. List the prime factors of h(-5).
3, 7
Let c(w) = w**2 + 7*w + 12. What are the prime factors of c(-10)?
2, 3, 7
Let f(t) = 2*t + 2. Let b be (1 + -23)/(-3 + 1). Let j = b - 6. List the prime factors of f(j).
2, 3
Let m = -6 - -8. Suppose 4*r = -5*f + 30, -m*r - 3*f = -4*r + 4. Suppose 0 = -r*d + 65 + 35. List the prime factors of d.
2, 5
Let w be 49/2 + 1/(-2). Let g be 2/3*w/1. Let h = g + -11. List the prime factors of h.
5
Let c be -1*(0 + -2) - -10. Suppose -m - h - c = -3, -h = 5. Let x(j) = -3*j - 4. List the prime factors of x(m).
2
Let w(h) be the first derivative of h**3/3 + h**2/2 - 6*h - 1. List the prime factors of w(-5).
2, 7
Let u(a) = -a**3 + 6*a**2 - 2*a - 3. List the prime factors of u(5).
2, 3
Let v = -292 - -559. List the prime factors of v.
3, 89
What are the prime factors of 2 - (1 + -25 + 2)?
2, 3
Let g(k) = -k**2 + 14*k - 19. Let s be g(12). Suppose n = -2*p + 5*n + 12, 0 = -p + 5*n + 15. Let q = p + s. What are the prime factors of q?
5
Suppose -7*f + 5*q = -2*f - 335, 0 = -f - 2*q + 58. List the prime factors of f.
2
Let i = 202 - 108. Let g = i - 59. What are the prime factors of g?
5, 7
Let l(d) = 2*d**2 + 11*d + 9. List the prime factors of l(-7).
2, 3, 5
Suppose 4*z - c - 1124 = 0, -z - 3*c = -70 - 211. List the prime factors of z.
281
Let o(y) = 2*y**2 - 14*y - 3. Let x be o(10). Let j = x + -23. What are the prime factors of j?
2, 17
Let f = -34 - -52. What are the prime factors of (-3)/(-1 - f/(-21))?
3, 7
Suppose -5*a + 55 = -4*g, -2*a - 4*g + 44 = 2*a. Suppose 9 = 4*p - a. Let j(t) = 2*t - 3. List the prime factors of j(p).
7
Suppose -13*k + 6*k = -1050. What are the prime factors of k?
2, 3, 5
Suppose 8 = s - 2*s. Let h(j) = -j - 8. Let z be h(s). What are the prime 